he hundreds digit of 662340703?
7
What is the millions digit of 116220464?
6
What is the thousands digit of 395152658?
2
What is the thousands digit of 1148595342?
5
What is the tens digit of 340533659?
5
What is the millions digit of 261102085?
1
What is the ten millions digit of 24084572?
2
What is the hundreds digit of 86788907?
9
What is the hundred thousands digit of 1469179477?
1
What is the units digit of 815634874?
4
What is the ten millions digit of 4732472840?
3
What is the units digit of 617699686?
6
What is the thousands digit of 219737799?
7
What is the hundred millions digit of 225686714?
2
What is the units digit of 1514149448?
8
What is the tens digit of 9835467?
6
What is the ten thousands digit of 2212982515?
8
What is the ten thousands digit of 11625449?
2
What is the thousands digit of 277099414?
9
What is the hundreds digit of 142032260?
2
What is the hundred thousands digit of 22831394?
8
What is the hundreds digit of 300209296?
2
What is the ten millions digit of 26244064?
2
What is the ten millions digit of 5072097454?
7
What is the hundred thousands digit of 30658624?
6
What is the millions digit of 10688409?
0
What is the millions digit of 186947904?
6
What is the ten millions digit of 347558496?
4
What is the ten thousands digit of 45600539?
0
What is the ten thousands digit of 35157427?
5
What is the millions digit of 55531563?
5
What is the units digit of 404847055?
5
What is the millions digit of 1725660262?
5
What is the ten millions digit of 730893707?
3
What is the units digit of 205609992?
2
What is the hundreds digit of 1035572484?
4
What is the units digit of 1962935766?
6
What is the hundreds digit of 50455354?
3
What is the hundreds digit of 7607579527?
5
What is the thousands digit of 4570752285?
2
What is the units digit of 2812876120?
0
What is the ten millions digit of 66378500?
6
What is the tens digit of 5101097436?
3
What is the ten millions digit of 39686294?
3
What is the tens digit of 111107109?
0
What is the ten thousands digit of 84140119?
4
What is the units digit of 35024065?
5
What is the millions digit of 3352546077?
2
What is the tens digit of 39435429?
2
What is the units digit of 959051212?
2
What is the units digit of 39722043?
3
What is the millions digit of 344783340?
4
What is the millions digit of 576574839?
6
What is the tens digit of 98583577?
7
What is the millions digit of 1634821243?
4
What is the hundred thousands digit of 302737035?
7
What is the ten millions digit of 180550745?
8
What is the hundreds digit of 7839851?
8
What is the millions digit of 1057996123?
7
What is the units digit of 309636434?
4
What is the ten millions digit of 650651404?
5
What is the ten millions digit of 410896374?
1
What is the millions digit of 1225630586?
5
What is the ten thousands digit of 39812513?
1
What is the units digit of 142364115?
5
What is the millions digit of 70061994?
0
What is the ten thousands digit of 51973312?
7
What is the units digit of 4597966?
6
What is the hundred millions digit of 180107669?
1
What is the units digit of 850304012?
2
What is the millions digit of 76792891?
6
What is the hundred millions digit of 365029891?
3
What is the units digit of 448201209?
9
What is the units digit of 177417075?
5
What is the hundred thousands digit of 506226848?
2
What is the units digit of 72991234?
4
What is the hundred thousands digit of 2625737454?
7
What is the ten thousands digit of 5296216?
9
What is the tens digit of 105333063?
6
What is the billions digit of 1860283352?
1
What is the units digit of 4157170?
0
What is the hundreds digit of 161943137?
1
What is the millions digit of 555427767?
5
What is the ten millions digit of 1210354818?
1
What is the thousands digit of 247172235?
2
What is the units digit of 175267921?
1
What is the units digit of 58173228?
8
What is the thousands digit of 796971585?
1
What is the units digit of 352934116?
6
What is the ten thousands digit of 167828113?
2
What is the units digit of 5710229?
9
What is the millions digit of 124352479?
4
What is the thousands digit of 6855502473?
2
What is the tens digit of 3637317901?
0
What is the tens digit of 33091776?
7
What is the thousands digit of 1928178852?
8
What is the ten millions digit of 2877963473?
7
What is the ten thousands digit of 1687913?
8
What is the millions digit of 69883101?
9
What is the hundred millions digit of 6487747256?
4
What is the millions digit of 51769347?
1
What is the billions digit of 1760150111?
1
What is the units digit of 37068691?
1
What is the ten millions digit of 120454727?
2
What is the hundreds digit of 628529617?
6
What is the hundred thousands digit of 388809800?
8
What is the hundred millions digit of 3202116068?
2
What is the hundreds digit of 94354256?
2
What is the ten thousands digit of 56356059?
5
What is the units digit of 18525441?
1
What is the units digit of 195092106?
6
What is the hundred thousands digit of 479959901?
9
What is the thousands digit of 605827820?
7
What is the thousands digit of 45044503?
4
What is the millions digit of 1221449638?
1
What is the ten thousands digit of 7773062040?
6
What is the billions digit of 1583681743?
1
What is the ten millions digit of 3017656982?
1
What is the hundreds digit of 1434464580?
5
What is the hundred thousands digit of 698878286?
8
What is the hundred thousands digit of 87492271?
4
What is the millions digit of 72191395?
2
What is the ten millions digit of 5036708516?
3
What is the ten thousands digit of 231132679?
3
What is the units digit of 149128017?
7
What is the millions digit of 448778933?
8
What is the ten millions digit of 2461190205?
6
What is the millions digit of 223212734?
3
What is the ten millions digit of 84916223?
8
What is the thousands digit of 228220582?
0
What is the ten millions digit of 2783183956?
8
What is the millions digit of 44747735?
4
What is the hundreds digit of 7623011?
0
What is the tens digit of 245023812?
1
What is the tens digit of 36164355?
5
What is the hundreds digit of 6892222013?
0
What is the hundred thousands digit of 177119158?
1
What is the ten thousands digit of 633855805?
5
What is the hundreds digit of 303349104?
1
What is the hundreds digit of 423465844?
8
What is the tens digit of 688834525?
2
What is the tens digit of 602408903?
0
What is the millions digit of 38741679?
8
What is the ten thousands digit of 721439688?
3
What is the tens digit of 57031017?
1
What is the units digit of 308391118?
8
What is the thousands digit of 352495084?
5
What is the millions digit of 9586000202?
6
What is the ten thousands digit of 542479857?
7
What is the hundreds digit of 43878335?
3
What is the ten thousands digit of 34915879?
1
What is the tens digit of 344945539?
3
What is the tens digit of 30803184?
8
What is the millions digit of 2472842677?
2
What is the tens digit of 76827504?
0
What is the hundred millions digit of 1347113023?
3
What is the thousands digit of 516306051?
6
What is the hundred millions digit of 198062508?
1
What is the ten millions digit of 451888066?
5
What is the tens digit of 194333975?
7
What is the thousands digit of 858013710?
3
What is the millions digit of 169446954?
9
What is the thousands digit of 1533887194?
7
What is the hundreds digit of 770508507?
5
What is the thousands digit of 1446415726?
5
What is the ten millions digit of 597071356?
9
What is the units digit of 441131603?
3
What is the ten thousands digit of 80457628?
5
What is the thousands digit of 2373880000?
0
What is the thousands digit of 774218878?
8
What is the thousands digit of 656203202?
3
What is the thousands digit of 14326997?
6
What is the hundred thousands digit of 45088589?
0
What is the ten thousands digit of 2918162535?
6
What is the tens digit of 730090945?
4
What is the millions digit of 39731528?
9
What is the tens digit of 210912850?
5
What is the millions digit of 96666258?
6
What is the ten millions digit of 31242017?
3
What is the units digit of 14795226?
6
What is the tens digit of 80373444?
4
What is the ten thousands digit of 64015395?
1
What is the thousands digit of 1991416276?
6
What is the millions digit of 127266015?
7
What is the thousands digit of 51227523?
7
What is the thousands digit of 3962813?
2
What is the tens digit of 2